{"id":150,"date":"2014-01-27T09:22:44","date_gmt":"2014-01-27T09:22:44","guid":{"rendered":"http:\/\/www.kpdsvetaklara.hr\/?page_id=150"},"modified":"2014-04-14T07:43:38","modified_gmt":"2014-04-14T07:43:38","slug":"o-nama","status":"publish","type":"page","link":"https:\/\/www.kpdsvetaklara.hr\/?page_id=150","title":{"rendered":"O nama"},"content":{"rendered":"<p><a href=\"http:\/\/www.kpdsvetaklara.hr\/wp-content\/uploads\/2010\/04\/SLIKA-5-POSAVINA.jpg\"><img loading=\"lazy\" class=\"alignnone size-full wp-image-390\" alt=\"OLYMPUS DIGITAL CAMERA\" src=\"http:\/\/www.kpdsvetaklara.hr\/wp-content\/uploads\/2010\/04\/SLIKA-5-POSAVINA.jpg\" width=\"620\" height=\"465\" srcset=\"https:\/\/www.kpdsvetaklara.hr\/wp-content\/uploads\/2010\/04\/SLIKA-5-POSAVINA.jpg 620w, https:\/\/www.kpdsvetaklara.hr\/wp-content\/uploads\/2010\/04\/SLIKA-5-POSAVINA-300x225.jpg 300w, https:\/\/www.kpdsvetaklara.hr\/wp-content\/uploads\/2010\/04\/SLIKA-5-POSAVINA-590x442.jpg 590w, https:\/\/www.kpdsvetaklara.hr\/wp-content\/uploads\/2010\/04\/SLIKA-5-POSAVINA-280x210.jpg 280w\" sizes=\"(max-width: 620px) 100vw, 620px\" \/><\/a><\/p>\n<p>Kulturno prosvjetno dru\u0161tvo &#8220;Sveta Klara&#8221; je sljedbenik ranijih dru\u0161tava od kojih je prvo po\u010delo djelovati 1934.g. pod imenom &#8220;GRUDA&#8221;, a djelovalo je do 1941.g. Nakon kra\u0107e stanke ponovno je osnovano 1946.g. pod imenom &#8220;TOMO RAJTERI\u0106&#8221; i kao takvo djelovalo je u dvije sekcije i to: \u00a0puha\u010dka glazba i dramska sekcija. Sa radom su prekinuli 1967.g., da \u00a0bi grupa entuzijasta i ljubitelja folklora 17. sije\u010dnja 1988. obnovila rad dru\u0161tva pod nazivom &#8220;MIROSLAV MRK\u0160A&#8221;. \u00a0Pod tim imenom du\u0161tvo djeluje do 1992 godine (na sjednici Predsjedni\u0161tva 27.03.1992) dotada\u0161nje Kulturno umjetni\u010dko dru\u0161tvo &#8220;Miroslav Mrk\u0161a&#8221; se preimenovalo u Kulturno umjetni\u010dko dru\u0161tvo &#8220;Gruda&#8221;. 18.03.1994. dolazi do preimenovanja dru\u0161tva iz KUD &#8220;Gruda&#8221; u Hrvatsko kulturno prosvjetno dru\u0161tvo &#8220;Sveta Klara&#8221;, a 1997. HKPD \u201cSveta Klara\u201d se preimenovalo u KPD &#8220;Sveta Klara&#8221; \u2013 ime koje dru\u0161tvo i danas ponosno nosi.<\/p>\n<p>Kako je dru\u0161tvo tjekom niza godina mijenjalo nazive isto tako su se mijenjala i upravna rukovodstva i mnogi \u010dlanovi, ali bitno je to da ih sve ve\u017eu iste, divne uspomene na gostovanjate me\u0111usobna dru\u017eenja i prijateljstva, no i poneke ljubavi.<\/p>\n<p>Tijekom svoga rada dru\u0161tvo je sudjelovalo na raznim op\u0107inskim, gradskim, regionalnim, dr\u017eavnim i me\u0111unarodnim manifestacijama. Za HRT snimilo je obi\u010daje Vincekova, Jurjeva, Uskrsa i Martinja, a izdalo je i dva svoja nosa\u010da zvuka &#8211; prvi posve\u0107en izvornim narodnim pjesmama pod nazivom \u201cZvijezda divno sja za na\u0161a srca dva\u201d i drugi bo\u017ei\u0107ni pod nazivom \u201cBo\u017ei\u0107ni obi\u010daji Turopolja\u201d.Osim ve\u0107 spomenutog, dru\u0161tvo je obradilo i prilagodilo, te scenski prikazalo tradicijski prikaz svadbe i Bo\u017ei\u0107a u fari Svete Klare.<\/p>\n<p>U svom repertoaru dru\u0161tvo ima usvojene nebrojene pjesme iz svih folklornih regija na\u0161e Domovine, dok je u plesnom repertoaru postavilo plesove Turopolja, Korduna, Slavonije, Like, Posavine, Prigorja i Bizovca.<\/p>\n<p>Svoje uspjehe zahvaljuju voditeljima, a oni su kronologijom bili: Dragica Do\u0161en, Sandra Crni\u0107, Dubravka \u0160ari\u0107, prof. Stanislav Dolinar, \u017deljko Vidakovi\u0107 i sada\u0161nji voditelj Antun Bo\u017ei\u0107.<\/p>\n<p>Danas dru\u0161tvo broji 80 aktivnih \u010dlanova mje\u0161ovite starosne dobi koji djeluju u pet sekcija: folklorna, folklorni zbor, dramsko-scenska, tambura\u0161ka i etno.<\/p>\n<p>&nbsp;<\/p>\n<p>&nbsp;<\/p>\n<p><strong>Predsjedni\u0161tvo dru\u0161tva \u010dine:<\/strong><\/p>\n<p>Ivan Kuneti\u0107 \u2013 predsjednik,<\/p>\n<p>\u017deljko Hac\u2013 dopredsjednik,<\/p>\n<p>Ilija Biki\u0107 \u2013 tajnik,<\/p>\n<p>Alan Kihak\u2013 blagajnik,<\/p>\n<p>Nevenka Horvat \u2013 \u010dlan<\/p>\n<p>Ljubica Banek- \u010dlan<\/p>\n<p>Gordana \u0160imunec &#8211; \u010dlan<\/p>\n<p>&nbsp;<\/p>\n<p><strong>Nadzorni odbor: <\/strong><\/p>\n<p>Antonio Pavlinec- predsjednik<\/p>\n<p>Nena Krvavac \u2013 \u010dlan<\/p>\n<p>Sandra Biki\u0107 \u2013 \u010dlan<\/p>\n<p>&nbsp;<\/p>\n<p><strong>Stru\u010dni voditelji: <\/strong><\/p>\n<p>-Folkorna sekcija \u2013 odrasli: Antun Bo\u017ei\u0107<\/p>\n<p>-Folklorna sekcija \u2013 stariji podmladak: Nevenka Horvat<\/p>\n<p>-Folklorna sekcija \u2013 mla\u0111i podmladak: Nevenka Horvat<\/p>\n<p>-Folklorni zbor: Antun Bo\u017ei\u0107<\/p>\n<p>-Tambura\u0161ka sekcija: Nikola Posavec &#8211; Mika<\/p>\n<p>-Dramsko-scenska: Nevenka Horvat<\/p>\n<p>-Etno radionica: Antonio Pavlinec<\/p>\n<p>&nbsp;<\/p>\n<p>&nbsp;<\/p>\n<p>&nbsp;<\/p>\n","protected":false},"excerpt":{"rendered":"<p>Kulturno prosvjetno dru\u0161tvo &#8220;Sveta Klara&#8221; je sljedbenik ranijih dru\u0161tava od kojih je prvo po\u010delo djelovati 1934.g. pod imenom &#8220;GRUDA&#8221;, a djelovalo je do 1941.g. Nakon kra\u0107e stanke ponovno je osnovano 1946.g. pod imenom &#8220;TOMO RAJTERI\u0106&#8221; &#8230;<\/p>\n","protected":false},"author":1,"featured_media":0,"parent":0,"menu_order":0,"comment_status":"closed","ping_status":"closed","template":"","meta":{"ngg_post_thumbnail":0},"_links":{"self":[{"href":"https:\/\/www.kpdsvetaklara.hr\/index.php?rest_route=\/wp\/v2\/pages\/150"}],"collection":[{"href":"https:\/\/www.kpdsvetaklara.hr\/index.php?rest_route=\/wp\/v2\/pages"}],"about":[{"href":"https:\/\/www.kpdsvetaklara.hr\/index.php?rest_route=\/wp\/v2\/types\/page"}],"author":[{"embeddable":true,"href":"https:\/\/www.kpdsvetaklara.hr\/index.php?rest_route=\/wp\/v2\/users\/1"}],"replies":[{"embeddable":true,"href":"https:\/\/www.kpdsvetaklara.hr\/index.php?rest_route=%2Fwp%2Fv2%2Fcomments&post=150"}],"version-history":[{"count":2,"href":"https:\/\/www.kpdsvetaklara.hr\/index.php?rest_route=\/wp\/v2\/pages\/150\/revisions"}],"predecessor-version":[{"id":392,"href":"https:\/\/www.kpdsvetaklara.hr\/index.php?rest_route=\/wp\/v2\/pages\/150\/revisions\/392"}],"wp:attachment":[{"href":"https:\/\/www.kpdsvetaklara.hr\/index.php?rest_route=%2Fwp%2Fv2%2Fmedia&parent=150"}],"curies":[{"name":"wp","href":"https:\/\/api.w.org\/{rel}","templated":true}]}}